+ (-15 - -21) + 27 + -19
-22
Evaluate (-18 - (-8 + 13 + -24)) + (-1 - -66) - -1.
67
What is 64 + (-11 - 15) + -15?
23
What is 13 + -4 + 1 - (-185 - -221) - -14 - -76?
64
-25 + 34 + (-5 - -2) + -3 - 3 - -47
47
What is -18 + (-2 - 9) + -4 + 1 + 5?
-27
Evaluate -30 - (54 - (-47 - -24 - -63)).
-44
What is -53 - -111 - 9 - 52?
-3
Evaluate 21 + 43 + -84 - (-105 + -2 + 3).
84
What is the value of -53 - -10 - (422 + -403)?
-62
What is -17 - (32 - (-47 - -109))?
13
What is 81 + -12 + -63 + (-1 - 23)?
-18
What is -38 + -1 + 2 + 2 + 10?
-25
-6 + 4 + -9 + (-10 + 5 - (80 + -5))
-91
What is the value of 65 + -1 - (72 - (-28 + 146) - -22)?
88
Evaluate 89 + (23 - 76 - 119).
-83
Calculate (-6 - (3 - 34)) + 2.
27
Calculate -198 + 191 - (-60 + 109).
-56
Calculate 1 + -2 + (20 - (13 + -14 + -14)) + 4.
38
Calculate 49 - (-4178 - -4188 - (1 + -4 - -1)).
37
Calculate 4 + -1 - 4 - ((379 - 393) + (5 - 0)).
8
What is -12 - -27 - (-13 + 3 - 21)?
46
Calculate 3 + (-10 - 13) + (5 - 5) + -10.
-30
What is the value of -14 + (-31 - -16) + 32?
3
Evaluate -77 - (68 - (33 + 114)).
2
What is the value of 112 - (-42 - (29 - 121))?
62
Calculate -27 + (95 - (171 - 44)).
-59
Evaluate (-35 - -70) + -6 + 2 + 23.
54
What is the value of 4 - 30 - (12 + 1 + 50 + -18 + -47)?
-24
What is -14 + (-160 - -91) + 75?
-8
41 + -2 + -16 + 12 + (2 - -16)
53
Calculate (14 - 50 - 82) + 185.
67
What is -3 - -15 - (21 - (-24 + 25))?
-8
-4 - (-1 + -19) - (11 + (5 - 1 - 11))
12
What is the value of (-99 - -96) + (-2 - 5) - (3 - 41)?
28
What is 23 + -71 - (-32 - -2) - (-72 + 6)?
48
What is the value of -139 - -168 - 39 - (108 + -2 + 0 + 2)?
-118
-17 + 6 - 59 - (24 + -12 - 0)
-82
What is the value of (-54 - 56) + -7 + -1 + 20 + -7?
-105
What is the value of 1 - (25 + -38 + 18 + (1 - -7) - 8)?
-4
Evaluate 50 + (-35 - (34 + -85)).
66
What is 8 + 38 - (-3 + -2 - -16)?
35
Evaluate 62 - 21 - (141 + (17 - -7)).
-124
Evaluate 25 - 11 - 26 - (-1 - -20).
-31
Calculate (48 - (-24 - -39)) + -32.
1
What is 24 + 1 - ((174 - 138) + -95)?
84
-128 + 95 + (12 - -1) + -6
-26
Evaluate (65 - 104 - -101) + -12 + (3 - 1).
52
What is the value of 15 - (-1 - -63) - -13 - -1?
-33
Calculate (30 - 61 - -57) + 17.
43
Evaluate 51 + -6 + 55 + -132.
-32
What is (43 - (-14 + 46)) + 5?
16
What is (-62 - -29) + 77 + (12 + -4 - 16)?
36
-23 + (84 - 28 - -16)
49
What is 0 + 6 + -19 + 4 + 49?
40
What is 80 + (34 - 45) + 8 + -5?
72
Evaluate -13 + (13 + 60 - -30) + -17.
73
What is the value of -12 + -12 + (8 + 4 - 0) + 22 + 3?
13
What is (185 + -178 - (3 - -1)) + -3 - 7?
-7
What is the value of 21 - (12 - (-26 - (1 - 32)))?
14
-5 + (29 - (-142 + 111))
55
-22 - 26 - (-27 + 19 - (2 + -1))
-39
Evaluate -21 + (19 - 0) + -47.
-49
-11 + (12 - -1 - (-12 + 5 - -6))
3
What is (45 - (-96 + -34)) + -118?
57
What is the value of 33 + (-34 - -44) + 3 + 0?
46
Evaluate -6 - (-2 + 98 + (22 + -19 - 21)).
-84
Calculate 118 + (-4 - -8) + -7 - (30 + -32 + -3).
120
Calculate (1 - 4 - -3) + (-7 - (48 - (-18 - -35))).
-38
What is (17525 - 17506) + (0 - (-1 - 36))?
56
Calculate (0 - (-2 - 39)) + -18 + -3 + 10.
30
Evaluate -18 - -41 - (-7 + 3 + (-53 - -53)).
27
Calculate 1 + -146 + (-4 - -15) + -6 - (1 + -16).
-125
What is the value of -29 + -40 + -26 + (48 - 27)?
-74
What is (-21 + -1 - -2) + 5 + (-30 - -25)?
-20
Evaluate -41 + 148 + 22 + -98.
31
What is the value of 77 - (66 - 23) - -36?
70
What is the value of -12 - (-13 - 6) - (5 - 10 - 107)?
119
What is -16 + 46 + 76 + -56?
50
What is -3 + (-39 - 1 - -44) - (0 - -1)?
0
Evaluate 0 + 0 + 8 + -5 + -37 + 80.
46
Evaluate -26 - (4 - 0) - (9 + 26 + -34).
-31
-65 - (-10 - -11) - (-7 + 2 + (6 - 11))
-56
Calculate (-66 - 5) + 4 - (-15 - (-11 + 23 + -31)).
-71
What is the value of 1 - (-39 - (-19 + 22)) - 20?
23
Calculate 16 + (-27 - -72 - 16).
45
What is the value of (6 - -13 - 17) + -7 - -14 - -9?
18
Evaluate -9 - ((-13 - -2) + (4 - (5 + 20))).
23
Calculate 23 - -28 - 79 - -42.
14
What is the value of 5 + -30 + (54 - 15 - 48) + 0 + 1?
-33
Calculate -17 + 19 + (16 - 22) - (1 - 10).
5
12 - (-182 + 135) - (-3 - -2 - -13)
47
2 - -27 - (12 + 40 - 37) - 41
-27
Calculate 165 + -231 + (-5 - -79) - (0 - 14).
22
What is -70 + (10 + -14 - (-21 - -3) - 4) + -21?
-81
What is the value of 217 + -95 + 75 + -49?
148
-30 + (-86 - (-108 - -5))
-13
What is 26 + -39 + -7 + 103?
83
Evaluate 26 + -9 + -1 + 4 + 4.
24
2 - 2 - -21 - (1017 - 996)
0
Evaluate -12 + 0 - ((-309 - -284) + -86).
99
Calculate 7 + (15 - -7) - (-16 - -8).
37
Calculate -11 + -1 + -1 + 110 + -173 + 50.
-26
What is 15 + 7 + -149 + 97?
-30
What is 289 + -329 - (-11 + (107 - 2))?
-134
What is the value of -5 - (-80 + 47 + 20 + -44)?
52
(1 - -27) + 2669 + -2651
46
Calculate (-2 - -4) + -62 + 17 + -10 - (-12 - -12).
-53
What is the value of (-3 - -6) + 11 + (4 - 11) + (-2 - -9)?
14
What is -703 + 710 + (-2 + 6 + 47 - -3)?
61
What is the value of -98 + -2 - (-7355 - -7375)?
-120
What is the value of (-25 + -20 - -29) + (-64 - (-17 + 7))?
-70
What is -20 - (-21 + 33 + -47)?
15
13 + 16 + -10 + -5 + -4 + -13
-3
Calculate -1 + 32 + (805 - 814) + 11.
33
(46 - (3 - 54)) + -68
29
-15 - ((-2 - 3 - -27) + -36)
-1
What is (1 - (0 - 3)) + 3 + (85 - 39)?
53
-67 + 10 + 35 - -31
9
(0 - 3) + (-94 - -123) + (0 - -55)
81
Evaluate -54 - (-5 + 0 + 5 + (11 + -24 - -5)).
-46
Calculate 39 + (-15 - (-7 + 0) - -7 - 14).
24
-51 + -3 + (27 - -2) + -24 + -12
-61
What is (661 - 636) + (1 + 12 - -2)?
40
What is the value of 7 + (-24 + (13 - -5) - (-2 - 0) - -10)?
13
Calculate 31 + -90 + 75 + 0 + -78.
-62
Calculate (-7 - (-24 - -35)) + 4.
-14
What is -46 - (-26 + 55 - (29 + 1))?
-45
What is 10 + (-91 - -56 - -106)?
81
What is the value of (-6 - -37) + -151 + 71 - -133?
84
Calculate -558 + 469 - (-133 - 4).
48
Evaluate 1 - 2 - 2 - (5 + 23 + -42 + 1).
10
What is -6 - (-72 + 63) - (1 - -27)?
-25
Calculate 101 - (24 + 89) - (5 - 3 - -3).
-17
Calculate 1 - 192 - (-1242 - -1144).
-93
Evaluate (-1967 + 1982 - (10 - -1 - 1)) + -29.
-24
What is -4 - 17 - (-106 + -6 + 9 + 6)?
76
(-60 - -139) + (10 - -29) - (-1 - -10)
109
Calculate 2 - (-1 + -7 + 18 + 4 - (-15 - -12)).
-15
What is the value of -85 + (109 - -7) + -85?
-54
What is the value of -4 + (12 - 15) + -8 + -1 + 59?
43
-26 - -2 - 3 - (-23 - -13 - -19)
-36
What is the value of 3 + (13 - (-59 - -12 - (-14 + 1)))?
50
What is ((-6 - 2) + 69 - (135 - 148)) + -17?
57
(-6 - (33 + -43 + 16)) + (-69 - -1)
-80
Evaluate 10 + -6 + -1 + 2 + -6 + -95 + -8.
-104
What is the value of -1039 + 1054 + -52 + (3 - 0)?
-34
Evaluate (-43 + 136 - 44) + -11.
38
Evaluate -37 + (8 - -4 - -5) + -10 - -8.
-22
(2 - 62) + (-558 - -600)
-18
Calculate (-3 - -36) + (11 - (-47 + 51)).
40
What is the value of 7 + -3 + (5 - (-62 - 18)) + 1?
90
Evaluate (-3 - (-4 + -4 - -8)) + (20 - (1 - -7)).
9
Evaluate -30 - (11 + -12 + -3 + -7).
-19
Calculate -23 + (-64 + 15 - -11 - -21).
-40
Evaluate (-4 - (-31 - -6)) + (400 - 495).
-74
Calculate (-9 - 1) + 0 + (-47 - (-193 - -16)) - 13.
107
What is 187 + -963 - -814 - (-15 + (1 - 0))?
52
What is the value of -26 + (-30 - -12) + 7 + 115?
78
(-11 - 0) + 60 + (-17 - 31)
1
Evaluate 12 - 47 - -113 - 47.
31
Calculate -76 + (-64 - -166) + (-4 - -1 - 5).
18
Calculate 7 + (-7 - -9) + (-108 - -121).
22
Evaluate (-3 - 33) + -787 + 751.
-72
Evaluate -5 - -94 - (-1577 - -1640).
26
Evaluate 12 + 5 + -11 + 23 - 6.
23
What is 2 + (-11 + 15 + 5 + -21 + 7 - 148)?
-151
-49 + 108 + -73 - (-53 + -1)
40
Evaluate 3 + 2 + (-9 + 1 - (-72 - -105)).
-36
What is the value of 8 - (-41 + (56 - 14))?
7
(-51 + 174 + -107 - (0 - -5)) + -124
-113
What is the value of (-2 - 7) + 107 + -24 + -82 - 117?
-125
Calculate 4 - -4 - (31 + (-7 - -7)).
-23
Calculate -28 - (-10 + 23) - -54.
13
Evaluate 80 + -50 + 17 + -35.
12
What is -378 + 374 - (-1 + (4 - (-3 - -66)))?
56
1781 - 1780 - (-29 + 2)
28
-20 + (145 - 139) + 8 + 2
-4
(2 - -46) + -88 + 55
15
Calculate (-58 - (58 + -29 + -46 + (11 - 0))) + 7.
-45
Calculate -7 + -2 - (-6 - (-38 + (-31 - -18))).
-54
What is the value of (7 - -1 - (-26 + 29) - 1) + (-1 - 1)?
2
Evaluate (-2 - -7) + (54 + 3 - 69).
-7
What is the value of (19 + -17 - -45) + 1 + -8?
40
Evaluate 1 + (-8 - (8 + 18 - 37)) + (26 - -1).
31
8 + 47 + 13 + 10
78
-2 - -26 - (-144 + 170)
-2
What is (18 - 41) + (13 - 22) + -18?
-50
What is (-3 - (0 - 0)) + 403 + -124 + -229?
47
7 - ((4 - -14) + (0